6653 a prime number?
False
Is 28465811 a composite number?
True
Is 297793391 a composite number?
True
Is 19392161 a prime number?
True
Is 11882293 a composite number?
False
Is 7037629 composite?
False
Is 10708357 a prime number?
False
Is 581027 prime?
False
Is 530042633 a composite number?
False
Is 4612601 prime?
False
Is 1209449 a composite number?
True
Is 2305465 a prime number?
False
Is 108039713 composite?
False
Is 1188817 a prime number?
False
Is 246638441 a composite number?
True
Is 1547093 prime?
True
Is 6449473 prime?
True
Is 670874837 a prime number?
True
Is 8374043 composite?
False
Is 38539337 a composite number?
True
Is 312665 composite?
True
Is 43628451 prime?
False
Is 1137566 composite?
True
Is 110141773 prime?
False
Is 875404139 a composite number?
False
Is 2341033 a composite number?
False
Is 2601407 prime?
False
Is 184430537 composite?
True
Is 2638241 a prime number?
False
Is 56500931 prime?
True
Is 1062107 a composite number?
False
Is 3800113 a composite number?
False
Is 1531429 a prime number?
False
Is 65371021 a prime number?
True
Is 152866211 a composite number?
True
Is 8099954 a prime number?
False
Is 5790991 a prime number?
False
Is 10528801 a prime number?
True
Is 4246939 a composite number?
False
Is 3354383 a composite number?
True
Is 1816954219 a composite number?
False
Is 3955561 a prime number?
True
Is 189285317 a composite number?
True
Is 249127 composite?
False
Is 816503 a prime number?
False
Is 91548139 a composite number?
False
Is 95167321 a prime number?
True
Is 22725506 composite?
True
Is 130190245 prime?
False
Is 1301269 composite?
True
Is 8710529 a composite number?
False
Is 152141735 a prime number?
False
Is 26982673 a prime number?
False
Is 38714726 prime?
False
Is 3168167 a prime number?
True
Is 9362107 a composite number?
False
Is 2632339 composite?
False
Is 30519053 a prime number?
True
Is 21379049 composite?
False
Is 67624357 prime?
True
Is 34636723 a prime number?
False
Is 897647 a composite number?
False
Is 92199209 prime?
True
Is 1398727 a composite number?
True
Is 12812963 prime?
True
Is 681622343 prime?
True
Is 9023881 a prime number?
False
Is 793389 a prime number?
False
Is 81694699 a composite number?
True
Is 14737529 a composite number?
True
Is 63648421 composite?
False
Is 1316449 prime?
False
Is 63903181 a composite number?
True
Is 144025457 a prime number?
False
Is 19159421 composite?
True
Is 57963929 prime?
False
Is 178439 a composite number?
False
Is 2954293 composite?
False
Is 3432347 a prime number?
True
Is 11382437 a composite number?
True
Is 856334 prime?
False
Is 60139853 a composite number?
True
Is 32455033 a prime number?
False
Is 45967267 a composite number?
False
Is 628013 composite?
False
Is 182261567 composite?
False
Is 13182529 a composite number?
False
Is 5283329 composite?
False
Is 18239789 a composite number?
True
Is 16163291 a composite number?
False
Is 65171 a prime number?
True
Is 22108379 prime?
True
Is 31432691 a composite number?
True
Is 2854703 prime?
True
Is 256831 composite?
False
Is 132185611 prime?
True
Is 224181037 a prime number?
True
Is 96748885 prime?
False
Is 80676839 prime?
True
Is 19435263 a composite number?
True
Is 781707 composite?
True
Is 1274111 prime?
True
Is 50207 prime?
True
Is 2482309 a composite number?
False
Is 137783563 prime?
True
Is 49872863 composite?
False
Is 230780713 composite?
True
Is 33867929 a composite number?
True
Is 4387351 prime?
True
Is 30401743 a prime number?
True
Is 116380787 prime?
True
Is 29395927 a prime number?
False
Is 72902821 a prime number?
False
Is 17510099 a prime number?
False
Is 3645049 prime?
True
Is 634771 a prime number?
False
Is 35221 a prime number?
True
Is 7222643 a prime number?
True
Is 11557633 a composite number?
False
Is 77633513 prime?
True
Is 27867479 prime?
True
Is 490681 a prime number?
False
Is 63135593 prime?
True
Is 102503153 a prime number?
True
Is 9717883 a composite number?
True
Is 29430227 composite?
True
Is 150858161 a prime number?
True
Is 40239247 a prime number?
True
Is 55833649 a composite number?
True
Is 1327931 a prime number?
False
Is 6350077 composite?
True
Is 27174163 a prime number?
False
Is 3282126037 a prime number?
True
Is 759442 composite?
True
Is 1305421 a composite number?
True
Is 10416239 a composite number?
True
Is 15394349 prime?
False
Is 345705071 composite?
True
Is 82849 a composite number?
True
Is 279652927 a composite number?
True
Is 6463931 a prime number?
False
Is 18395579 a prime number?
True
Is 43654717 a composite number?
False
Is 1340001721 composite?
False
Is 372652169 composite?
True
Is 90809467 a composite number?
True
Is 1096343 a composite number?
True
Is 1073389 a composite number?
True
Is 88274999 a composite number?
True
Is 7777919 a composite number?
False
Is 717841 composite?
False
Is 2588563 prime?
False
Is 85863167 composite?
True
Is 146703481 a composite number?
True
Is 12679721 a composite number?
True
Is 173124053 composite?
False
Is 53714341 a prime number?
True
Is 1071121 a composite number?
False
Is 883606315 a composite number?
True
Is 542449 composite?
True
Is 24187849 composite?
True
Is 1008551 a prime number?
False
Is 11854517 composite?
False
Is 8226083 a composite number?
False
Is 618561743 prime?
True
Is 2132359 prime?
True
Is 2333894 composite?
True
Is 107393789 prime?
True
Is 64033 composite?
False
Is 15036218 a prime number?
False
Is 62940547 composite?
False
Is 7985839 prime?
True
Is 46282799 composite?
False
Is 988015681 a composite number?
False
Is 26844007 prime?
True
Is 23439541 a composite number?
False
Is 35251 a prime number?
True
Is 7627043 composite?
True
Is 1435834 composite?
True
Is 43214257 composite?
False
Is 1863041 composite?
False
Is 67889901 prime?
False
Is 69441613 prime?
False
Is 19426963 a prime number?
True
Is 235787567 a prime number?
True
Is 36558697 a composite number?
True
Is 14544769 a prime number?
False
Is 4239289 prime?
True
Is 388420259 prime?
False
Is 1197571 prime?
True
Is 30804679 prime?
True
Is 22698773 prime?
False
Is 184566313 a composite number?
False
Is 1707271 prime?
False
Is 20107657 composite?
True
Is 9502751 a prime number?
True
Is 143722307 a composite number?
False
Is 12540571 prime?
False
Is 384948829 prime?
False
Is 171307361 composite?
False
Is 85454241 a prime number?
False
Is 11130769 a composite number?
True
Is 2962091 a composite number?
True
Is 217661 a prime number?
True
Is 1702291 a composite number?
False
Is 38142877 a prime number?
False
Is 7697983 a prime number?
False
Is 10641907 composite?
True
Is 31886285 prime?
False
Is 86753 prime?
True
Is 40187314 a prime number?
False
Is 28005002 a composite number?
True
Is 435803083 prime?
True
Is 1599333 prime?
False
Is 137281451 a composite number?
True
Is 2058711949 composite?
True
Is 1046861 a composite number?
True
Is 15030293 a composite number?
True
Is 19536827 prime?
True
Is 9833113 prime?
True
Is 6094745 a prime number?
False
Is 690677 composite?
True
Is 13599769 a composite number?
False
Is 72724891 prime?
True
Is 3762091 prime?
True
Is 1586121 prime?
False
Is 315725147 prime?
False
Is 7236937 a composite number?
False
Is 10907051 a composite number?
False
Is 1625017 prime?
True
Is 12121433 prime?
False
Is 18321521 composite?
False
Is 287058049 a prime number?
True
Is 67421054 a composite number?
True
Is 16764841 a prime number?
False
Is 15712891 a composite number?
False
Is 1791863 a prime number?
True
Is 198938 prime?
False
Is 22400419 prime?
True
Is 32608391 prime?
True
Is 11027561 composite?
False
Is 3193577 composite?
True
Is 787465901 composite?
False
Is 11146649 a prime number?
False
Is 5828317 composite?
True
Is 80959213 a prime number?
False
Is 370463 prime?
True
Is 274363447 prime?
False
Is 2155863 composite?
True
Is 2195243 a composite number?
False
Is 447311 prime?
True
Is 831407 a composite number?
False
Is 5055523 composite?
True
Is 286464713 a prime number?
True
Is 3903001 prime?
True
Is 50721563 composite?
True
Is 272765627 composite?
False
Is 3978451 composite?
False
Is 35558759 a prime number?
False
Is 25867667 prime?
False
Is 2542511 a composite number?
False
Is 1226777 a composite number?
True
Is 59115877 a composite number?
False
Is 502109 composite?
True
Is 139306439 a prime number?
False
Is 3691 composite?